{"id":14,"date":"2020-01-21T09:47:34","date_gmt":"2020-01-21T09:47:34","guid":{"rendered":"http:\/\/xn--foto-rmcke-feb.de\/?page_id=14"},"modified":"2022-05-31T08:15:38","modified_gmt":"2022-05-31T08:15:38","slug":"herzlich-wilkommen","status":"publish","type":"page","link":"https:\/\/xn--foto-rmcke-feb.de\/","title":{"rendered":"Herzlich Willkommen"},"content":{"rendered":"\n<p><\/p>\n\n\n\n<p>Lassen Sie sich von uns  verzaubern mit modernen Brautkleidern, Abend- und Herrenmode in einer  gem\u00fctlichen Atmosph\u00e4re,  direkt  im sch\u00f6nen Altstadtkern von Hoyerswerda.  <\/p>\n\n\n\n<figure class=\"wp-block-image size-large is-resized\"><img decoding=\"async\" loading=\"lazy\" src=\"http:\/\/xn--foto-rmcke-feb.de\/wp-content\/uploads\/2020\/03\/Laden1-Kopie.jpg\" alt=\"\" class=\"wp-image-316\" width=\"267\" height=\"194\" srcset=\"https:\/\/xn--foto-rmcke-feb.de\/wp-content\/uploads\/2020\/03\/Laden1-Kopie.jpg 550w, https:\/\/xn--foto-rmcke-feb.de\/wp-content\/uploads\/2020\/03\/Laden1-Kopie-300x218.jpg 300w\" sizes=\"(max-width: 267px) 100vw, 267px\" \/><\/figure>\n\n\n\n<p>Auf einer 100qm hell erleuchteten Grundfl\u00e4che f\u00fcr individuelle Beratung und professionelle Fotografie.<\/p>\n\n\n\n<p>Wir sind ein junges Team und stehen f\u00fcr neuste Trends, Perfektion und Kundenzufriedenheit.<\/p>\n\n\n\n<p>Bei\n uns erleben Sie wichtige Momente in Ihrem Leben, nicht nur das \nEinkleiden zu Ihrer Hochzeit, sondern wir halten den sch\u00f6nsten Tag in \nIhrem Leben fotografisch auf h\u00f6chstem Niveau fest.<\/p>\n\n\n\n<p>&#8211; Fotografie, die Spa\u00df macht und unvergessen bleibt &#8211;<\/p>\n\n\n\n<p class=\"has-medium-font-size\"><strong>Wir freuen uns auf Ihren Besuch<\/strong><\/p>\n","protected":false},"excerpt":{"rendered":"<p>Lassen Sie sich von uns verzaubern mit modernen Brautkleidern, Abend- und Herrenmode in einer gem\u00fctlichen Atmosph\u00e4re, direkt im sch\u00f6nen Altstadtkern von Hoyerswerda. Auf einer 100qm hell erleuchteten Grundfl\u00e4che f\u00fcr individuelle Beratung und professionelle Fotografie. Wir sind ein junges Team und stehen f\u00fcr neuste Trends, Perfektion und Kundenzufriedenheit. Bei uns erleben Sie wichtige Momente in Ihrem &hellip; <\/p>\n<p class=\"link-more\"><a href=\"https:\/\/xn--foto-rmcke-feb.de\/\" class=\"more-link\"><span class=\"screen-reader-text\">\u201eHerzlich Willkommen\u201c<\/span> weiterlesen<\/a><\/p>\n","protected":false},"author":1,"featured_media":0,"parent":0,"menu_order":0,"comment_status":"closed","ping_status":"closed","template":"","meta":[],"_links":{"self":[{"href":"https:\/\/xn--foto-rmcke-feb.de\/index.php?rest_route=\/wp\/v2\/pages\/14"}],"collection":[{"href":"https:\/\/xn--foto-rmcke-feb.de\/index.php?rest_route=\/wp\/v2\/pages"}],"about":[{"href":"https:\/\/xn--foto-rmcke-feb.de\/index.php?rest_route=\/wp\/v2\/types\/page"}],"author":[{"embeddable":true,"href":"https:\/\/xn--foto-rmcke-feb.de\/index.php?rest_route=\/wp\/v2\/users\/1"}],"replies":[{"embeddable":true,"href":"https:\/\/xn--foto-rmcke-feb.de\/index.php?rest_route=%2Fwp%2Fv2%2Fcomments&post=14"}],"version-history":[{"count":6,"href":"https:\/\/xn--foto-rmcke-feb.de\/index.php?rest_route=\/wp\/v2\/pages\/14\/revisions"}],"predecessor-version":[{"id":327,"href":"https:\/\/xn--foto-rmcke-feb.de\/index.php?rest_route=\/wp\/v2\/pages\/14\/revisions\/327"}],"wp:attachment":[{"href":"https:\/\/xn--foto-rmcke-feb.de\/index.php?rest_route=%2Fwp%2Fv2%2Fmedia&parent=14"}],"curies":[{"name":"wp","href":"https:\/\/api.w.org\/{rel}","templated":true}]}}