{"id":52,"date":"2020-01-21T10:06:06","date_gmt":"2020-01-21T10:06:06","guid":{"rendered":"http:\/\/xn--foto-rmcke-feb.de\/?page_id=52"},"modified":"2020-01-21T14:49:23","modified_gmt":"2020-01-21T14:49:23","slug":"impressum","status":"publish","type":"page","link":"https:\/\/xn--foto-rmcke-feb.de\/?page_id=52","title":{"rendered":"Impressum"},"content":{"rendered":"\n<h2>Betreiber<\/h2>\n\n\n\n<p>Gabriele Hanschke<br>\n\t\t\t\t\t\t\t\t\tSchlo\u00dfstra\u00dfe 1b<br>\n\t\t\t\t\t\t\t\t\t02977 Hoyerswerda<\/p>\n\n\n\n<h2>Adresse<\/h2>\n\n\n\n<p><strong>Foto R\u00fcmcke &#8211; Braut- &amp; Festmoden Hanschke<br> Schlo\u00dfstra\u00dfe 1b<\/strong><br> 02977 Hoyerswerda<br> <br> <strong>Tel: <\/strong>03571 406 117<br> <br> <strong>E-Mail: <\/strong>info@foto-ruemcke.de<br> <strong>WEB: <\/strong>www.foto-ruemcke.de<\/p>\n\n\n\n<h2>Umsatzsteuer-Identifikationsnummer<\/h2>\n\n\n\n<p>DE 812153795<\/p>\n\n\n\n<h2>Betriebsnummer<\/h2>\n\n\n\n<p>04589242<\/p>\n\n\n\n<h2>Mitglied der Handwerkskammer Dresden<\/h2>\n\n\n\n<p>HWK-Nr. 030 1701<\/p>\n\n\n\n<p><br>\n\t\t\t\t\t\t\t\t\t<br>\n\t\t\t\t\t\t\t\t\t<strong>Haftungsausschluss:<br>\n\t\t\t\t\t\t\t\t\t\t<br>\n\t\t\t\t\t\t\t\t\t<\/strong><strong>Haftung f\u00fcr Inhalte<br>\n\t\t\t\t\t\t\t\t\t<\/strong>Die Inhalte unserer Seiten wurden mit gr\u00f6\u00dfter Sorgfalt\n erstellt. F\u00fcr die Richtigkeit, Vollst\u00e4ndigkeit und Aktualit\u00e4t der \nInhalte k\u00f6nnen wir jedoch keine Gew\u00e4hr \u00fcbernehmen. Als Diensteanbieter \nsind wir gem\u00e4\u00df \u00a7 7 Abs.1 TMG f\u00fcr eigene Inhalte auf diesen Seiten nach \nden allgemeinen Gesetzen verantwortlich. Nach \u00a7\u00a7 8 bis 10 TMG sind wir \nals Diensteanbieter jedoch nicht verpflichtet, \u00fcbermittelte oder \ngespeicherte fremde Informationen zu \u00fcberwachen oder nach Umst\u00e4nden zu \nforschen, die auf eine rechtswidrige T\u00e4tigkeit hinweisen. \nVerpflichtungen zur Entfernung oder Sperrung der Nutzung von \nInformationen nach den allgemeinen Gesetzen bleiben hiervon unber\u00fchrt. \nEine diesbez\u00fcgliche Haftung ist jedoch erst ab dem Zeitpunkt der \nKenntnis einer konkreten Rechtsverletzung m\u00f6glich. Bei Bekanntwerden von\n entsprechenden Rechtsverletzungen werden wir diese Inhalte umgehend \nentfernen.<br>\n\t\t\t\t\t\t\t\t\t<strong>Haftung f\u00fcr Links<br>\n\t\t\t\t\t\t\t\t\t<\/strong>Unser Angebot enth\u00e4lt Links zu externen Webseiten \nDritter, auf deren Inhalte wir keinen Einfluss haben. Deshalb k\u00f6nnen wir\n f\u00fcr diese fremden Inhalte auch keine Gew\u00e4hr \u00fcbernehmen. F\u00fcr die Inhalte\n der verlinkten Seiten ist stets der jeweilige Anbieter oder Betreiber \nder Seiten verantwortlich. Die verlinkten Seiten wurden zum Zeitpunkt \nder Verlinkung auf m\u00f6gliche Rechtsverst\u00f6\u00dfe \u00fcberpr\u00fcft. Rechtswidrige \nInhalte waren zum Zeitpunkt der Verlinkung nicht erkennbar. Eine \npermanente inhaltliche Kontrolle der verlinkten Seiten ist jedoch ohne \nkonkrete Anhaltspunkte einer Rechtsverletzung nicht zumutbar. Bei \nBekanntwerden von Rechtsverletzungen werden wir derartige Links umgehend\n entfernen.<br>\n\t\t\t\t\t\t\t\t\t<strong>Urheberrecht<br>\n\t\t\t\t\t\t\t\t\t<\/strong>Die durch die Seitenbetreiber erstellten Inhalte und \nWerke auf diesen Seiten unterliegen dem deutschen Urheberrecht. Die \nVervielf\u00e4ltigung, Bearbeitung, Verbreitung und jede Art der Verwertung \nau\u00dferhalb der Grenzen des Urheberrechtes bed\u00fcrfen der schriftlichen \nZustimmung des jeweiligen Autors bzw. Erstellers. Downloads und Kopien \ndieser Seite sind nur f\u00fcr den privaten, nicht kommerziellen Gebrauch \ngestattet. Soweit die Inhalte auf dieser Seite nicht vom Betreiber \nerstellt wurden, werden die Urheberrechte Dritter beachtet. Insbesondere\n werden Inhalte Dritter als solche gekennzeichnet. Sollten Sie trotzdem \nauf eine Urheberrechtsverletzung aufmerksam werden, bitten wir um einen \nentsprechenden Hinweis. Bei Bekanntwerden von Rechtsverletzungen werden \nwir derartige Inhalte umgehend entfernen.<br>\n\t\t\t\t\t\t\t\t\t<strong>Datenschutz<br>\n\t\t\t\t\t\t\t\t\t<\/strong>Die Nutzung unserer Webseite ist in der Regel ohne \nAngabe personenbezogener Daten m\u00f6glich. Soweit auf unseren Seiten \npersonenbezogene Daten (beispielsweise Name, Anschrift oder \neMail-Adressen) erhoben werden, erfolgt dies, soweit m\u00f6glich, stets auf \nfreiwilliger Basis. Diese Daten werden ohne Ihre ausdr\u00fcckliche \nZustimmung nicht an Dritte weitergegeben.<br>\n\t\t\t\t\t\t\t\t\tWir weisen darauf hin, dass die Daten\u00fcbertragung im Internet \n(z.B. bei der Kommunikation per E-Mail) Sicherheitsl\u00fccken aufweisen \nkann. Ein l\u00fcckenloser Schutz der Daten vor dem Zugriff durch Dritte ist \nnicht m\u00f6glich.<br>\n\t\t\t\t\t\t\t\t\tDer Nutzung von im Rahmen der Impressumspflicht \nver\u00f6ffentlichten Kontaktdaten durch Dritte zur \u00dcbersendung von nicht \nausdr\u00fccklich angeforderter Werbung und Informationsmaterialien wird \nhiermit ausdr\u00fccklich widersprochen. Die Betreiber der Seiten behalten \nsich ausdr\u00fccklich rechtliche Schritte im Falle der unverlangten \nZusendung von Werbeinformationen, etwa durch Spam-Mails, vor<\/p>\n\n\n\n<h2>Copyright<\/h2>\n\n\n\n<p>Vervielf\u00e4ltigungen jeder Art sind nur mit ausdr\u00fccklicher \nGenehmigung gestattet. Die Aufnahme in Online-Dienste und Internet sowie\n die Vervielf\u00e4ltigung auf Datentr\u00e4ger d\u00fcrfen nur nach vorheriger \nschriftlicher Zustimmung erfolgen.<\/p>\n\n\n\n<h2>Datenschutz<\/h2>\n\n\n\n<p><br>\n\t\t\t\t\t\t\t\t\t<br>\n\t\t\t\t\t\t\t\t\t<strong>Geltungsbereich<br>\n\t\t\t\t\t\t\t\t\t\t<br>\n\t\t\t\t\t\t\t\t\t<\/strong>Diese Datenschutzerkl\u00e4rung soll die Nutzer dieser \nWebsite gem\u00e4\u00df Bundesdatenschutzgesetz und Telemediengesetz \u00fcber die Art,\n den Umfang und den Zweck der Erhebung und Verwendung personenbezogener \nDaten durch den Websitebetreiber [Ihre Kontaktdaten einf\u00fcgen] \ninformieren.<br>\n\t\t\t\t\t\t\t\t\t<br>\n\t\t\t\t\t\t\t\t\tDer Websitebetreiber nimmt Ihren Datenschutz sehr ernst und \nbehandelt Ihre personenbezogenen Daten vertraulich und entsprechend der \ngesetzlichen Vorschriften.<br>\n\t\t\t\t\t\t\t\t\t<br>\n\t\t\t\t\t\t\t\t\tBedenken Sie, dass die Daten\u00fcbertragung im Internet \ngrunds\u00e4tzlich mit Sicherheitsl\u00fccken bedacht sein kann. Ein \nvollumf\u00e4nglicher Schutz vor dem Zugriff durch Fremde ist nicht \nrealisierbar.<br>\n\t\t\t\t\t\t\t\t\t<br>\n\t\t\t\t\t\t\t\t\t<strong>Zugriffsdaten<br>\n\t\t\t\t\t\t\t\t\t\t<br>\n\t\t\t\t\t\t\t\t\t<\/strong>Der Websitebetreiber bzw. Seitenprovider erhebt Daten \n\u00fcber Zugriffe auf die Seite und speichert diese als \u201eServer-Logfiles\u201c \nab. Folgende Daten werden so protokolliert:<br>\n\t\t\t\t\t\t\t\t\t<br>\n\t\t\t\t\t\t\t\t\tBesuchte Website<br>\n\t\t\t\t\t\t\t\t\tUhrzeit zum Zeitpunkt des Zugriffes<br>\n\t\t\t\t\t\t\t\t\tMenge der gesendeten Daten in Byte<br>\n\t\t\t\t\t\t\t\t\tQuelle\/Verweis, von welchem Sie auf die Seite gelangten<br>\n\t\t\t\t\t\t\t\t\tVerwendeter Browser<br>\n\t\t\t\t\t\t\t\t\tVerwendetes Betriebssystem<br>\n\t\t\t\t\t\t\t\t\tVerwendete IP-Adresse<br>\n\t\t\t\t\t\t\t\t\t<br>\n\t\t\t\t\t\t\t\t\tDie erhobenen Daten dienen lediglich statistischen Auswertungen\n und zur Verbesserung der Website. Der Websitebetreiber beh\u00e4lt sich \nallerdings vor, die Server-Logfiles nachtr\u00e4glich zu \u00fcberpr\u00fcfen, sollten \nkonkrete Anhaltspunkte auf eine rechtswidrige Nutzung hinweisen.<br>\n\t\t\t\t\t\t\t\t\t<br>\n\t\t\t\t\t\t\t\t\t<br>\n\t\t\t\t\t\t\t\t\t<strong>Cookies<br>\n\t\t\t\t\t\t\t\t\t\t<br>\n\t\t\t\t\t\t\t\t\t<\/strong>Diese Website verwendet Cookies. Dabei handelt es sich\n um kleine Textdateien, welche auf Ihrem Endger\u00e4t gespeichert werden. \nIhr Browser greift auf diese Dateien zu. Durch den Einsatz von Cookies \nerh\u00f6ht sich die Benutzerfreundlichkeit und Sicherheit dieser Website.<br>\n\t\t\t\t\t\t\t\t\t<br>\n\t\t\t\t\t\t\t\t\tG\u00e4ngige Browser bieten die Einstellungsoption, Cookies nicht \nzuzulassen. Hinweis: Es ist nicht gew\u00e4hrleistet, dass Sie auf alle \nFunktionen dieser Website ohne Einschr\u00e4nkungen zugreifen k\u00f6nnen, wenn \nSie entsprechende Einstellungen vornehmen.<br>\n\t\t\t\t\t\t\t\t\t<br>\n\t\t\t\t\t\t\t\t\t<br>\n\t\t\t\t\t\t\t\t\t<strong>Umgang mit personenbezogenen Daten<br>\n\t\t\t\t\t\t\t\t\t\t<br>\n\t\t\t\t\t\t\t\t\t<\/strong>Der Websitebetreiber erhebt, nutzt und gibt Ihre \npersonenbezogenen Daten nur dann weiter, wenn dies im gesetzlichen \nRahmen erlaubt ist oder Sie in die Datenerhebung einwilligen.<br>\n\t\t\t\t\t\t\t\t\t<br>\n\t\t\t\t\t\t\t\t\tAls personenbezogene Daten gelten s\u00e4mtliche Informationen, \nwelche dazu dienen, Ihre Person zu bestimmen und welche zu Ihnen \nzur\u00fcckverfolgt werden k\u00f6nnen \u2013 also beispielsweise Ihr Name, Ihre \nE-Mail-Adresse und Telefonnummer.<br>\n\t\t\t\t\t\t\t\t\t<br>\n\t\t\t\t\t\t\t\t\t<br>\n\t\t\t\t\t\t\t\t\t<strong>Umgang mit Kommentaren und Beitr\u00e4gen<br>\n\t\t\t\t\t\t\t\t\t\t<br>\n\t\t\t\t\t\t\t\t\t<\/strong>Hinterlassen Sie auf dieser Website einen Beitrag oder\n Kommentar, wird Ihre IP-Adresse gespeichert. Dies dient der Sicherheit \ndes Websitebetreibers: Verst\u00f6\u00dft Ihr Text gegen das Recht, m\u00f6chte er Ihre\n Identit\u00e4t nachverfolgen k\u00f6nnen.<br>\n\t\t\t\t\t\t\t\t\t<br>\n\t\t\t\t\t\t\t\t\t<br>\n\t\t\t\t\t\t\t\t\t<strong>Abonnements<br>\n\t\t\t\t\t\t\t\t\t\t<br>\n\t\t\t\t\t\t\t\t\t<\/strong>Sie haben die M\u00f6glichkeit, sowohl die gesamte Website \nals auch Nachfolgekommentare auf Ihren Beitrag zu abonnieren. Sie \nerhalten eine E-Mail zur Best\u00e4tigung Ihrer E-Mail-Adresse. Neben dieser \nwerden keine weiteren Daten erhoben. Die gespeicherten Daten werden \nnicht an Dritte weitergereicht. Sie k\u00f6nnen ein Abonnement jederzeit \nabbestellen.<br>\n\t\t\t\t\t\t\t\t\t<br>\n\t\t\t\t\t\t\t\t\t<br>\n\t\t\t\t\t\t\t\t\t<strong>Google Analytics<br>\n\t\t\t\t\t\t\t\t\t\t<br>\n\t\t\t\t\t\t\t\t\t<\/strong>Diese Website nutzt den Dienst \u201eGoogle Analytics\u201c, \nwelcher von der Google Inc. (1600 Amphitheatre Parkway Mountain View, CA\n 94043, USA) angeboten wird, zur Analyse der Websitebenutzung durch \nNutzer. Der Dienst verwendet \u201eCookies\u201c \u2013 Textdateien, welche auf Ihrem \nEndger\u00e4t gespeichert werden. Die durch die Cookies gesammelten \nInformationen werden im Regelfall an einen Google-Server in den USA \ngesandt und dort gespeichert.<br>\n\t\t\t\t\t\t\t\t\t<br>\n\t\t\t\t\t\t\t\t\tAuf dieser Website greift die IP-Anonymisierung. Die IP-Adresse\n der Nutzer wird innerhalb der Mitgliedsstaaten der EU und des \nEurop\u00e4ischen Wirtschaftsraum gek\u00fcrzt. Durch diese K\u00fcrzung entf\u00e4llt der \nPersonenbezug Ihrer IP-Adresse. Im Rahmen der Vereinbarung zur \nAuftragsdatenvereinbarung, welche die Websitebetreiber mit der Google \nInc. geschlossen haben, erstellt diese mithilfe der gesammelten \nInformationen eine Auswertung der Websitenutzung und der \nWebsiteaktivit\u00e4t und erbringt mit der Internetnutzung verbundene \nDienstleistungen.<br>\n\t\t\t\t\t\t\t\t\t<br>\n\t\t\t\t\t\t\t\t\tSie haben die M\u00f6glichkeit, die Speicherung des Cookies auf \nIhrem Ger\u00e4t zu verhindern, indem Sie in Ihrem Browser entsprechende \nEinstellungen vornehmen. Es ist nicht gew\u00e4hrleistet, dass Sie auf alle \nFunktionen dieser Website ohne Einschr\u00e4nkungen zugreifen k\u00f6nnen, wenn \nIhr Browser keine Cookies zul\u00e4sst.<br>\n\t\t\t\t\t\t\t\t\t<br>\n\t\t\t\t\t\t\t\t\tWeiterhin k\u00f6nnen Sie durch ein Browser-Plugin verhindern, dass \ndie durch Cookies gesammelten Informationen (inklusive Ihrer IP-Adresse)\n an die Google Inc. gesendet und von der Google Inc. genutzt werden. \nFolgender Link f\u00fchrt Sie zu dem entsprechenden Plugin: \nhttps:\/\/tools.google.com\/dlpage\/gaoptout?hl=de<br>\n\t\t\t\t\t\t\t\t\t<br>\n\t\t\t\t\t\t\t\t\tAlternativ verhindern Sie mit einem Klick auf diesen Link \n(WICHTIG: Opt-Out-Link einf\u00fcgen), dass Google Analytics innerhalb dieser\n Website Daten \u00fcber Sie erfasst. Mit dem Klick auf obigen Link laden Sie\n ein \u201eOpt-Out-Cookie\u201c herunter. Ihr Browser muss die Speicherung von \nCookies also hierzu grunds\u00e4tzlich erlauben. L\u00f6schen Sie Ihre Cookies \nregelm\u00e4\u00dfig, ist ein erneuter Klick auf den Link bei jedem Besuch dieser \nWebsite vonn\u00f6ten.<br>\n\t\t\t\t\t\t\t\t\t<br>\n\t\t\t\t\t\t\t\t\tHier finden Sie weitere Informationen zur Datennutzung durch \ndie Google Inc.: \nhttps:\/\/support.google.com\/analytics\/answer\/6004245?hl=de<br>\n\t\t\t\t\t\t\t\t\t<br>\n\t\t\t\t\t\t\t\t\t<\/p>\n","protected":false},"excerpt":{"rendered":"<p>Betreiber Gabriele Hanschke Schlo\u00dfstra\u00dfe 1b 02977 Hoyerswerda Adresse Foto R\u00fcmcke &#8211; Braut- &amp; Festmoden Hanschke Schlo\u00dfstra\u00dfe 1b 02977 Hoyerswerda Tel: 03571 406 117 E-Mail: info@foto-ruemcke.de WEB: www.foto-ruemcke.de Umsatzsteuer-Identifikationsnummer DE 812153795 Betriebsnummer 04589242 Mitglied der Handwerkskammer Dresden HWK-Nr. 030 1701 Haftungsausschluss: Haftung f\u00fcr Inhalte Die Inhalte unserer Seiten wurden mit gr\u00f6\u00dfter Sorgfalt erstellt. F\u00fcr die Richtigkeit, &hellip; <\/p>\n<p class=\"link-more\"><a href=\"https:\/\/xn--foto-rmcke-feb.de\/?page_id=52\" class=\"more-link\"><span class=\"screen-reader-text\">\u201eImpressum\u201c<\/span> weiterlesen<\/a><\/p>\n","protected":false},"author":1,"featured_media":0,"parent":14,"menu_order":0,"comment_status":"closed","ping_status":"closed","template":"","meta":[],"_links":{"self":[{"href":"https:\/\/xn--foto-rmcke-feb.de\/index.php?rest_route=\/wp\/v2\/pages\/52"}],"collection":[{"href":"https:\/\/xn--foto-rmcke-feb.de\/index.php?rest_route=\/wp\/v2\/pages"}],"about":[{"href":"https:\/\/xn--foto-rmcke-feb.de\/index.php?rest_route=\/wp\/v2\/types\/page"}],"author":[{"embeddable":true,"href":"https:\/\/xn--foto-rmcke-feb.de\/index.php?rest_route=\/wp\/v2\/users\/1"}],"replies":[{"embeddable":true,"href":"https:\/\/xn--foto-rmcke-feb.de\/index.php?rest_route=%2Fwp%2Fv2%2Fcomments&post=52"}],"version-history":[{"count":2,"href":"https:\/\/xn--foto-rmcke-feb.de\/index.php?rest_route=\/wp\/v2\/pages\/52\/revisions"}],"predecessor-version":[{"id":71,"href":"https:\/\/xn--foto-rmcke-feb.de\/index.php?rest_route=\/wp\/v2\/pages\/52\/revisions\/71"}],"up":[{"embeddable":true,"href":"https:\/\/xn--foto-rmcke-feb.de\/index.php?rest_route=\/wp\/v2\/pages\/14"}],"wp:attachment":[{"href":"https:\/\/xn--foto-rmcke-feb.de\/index.php?rest_route=%2Fwp%2Fv2%2Fmedia&parent=52"}],"curies":[{"name":"wp","href":"https:\/\/api.w.org\/{rel}","templated":true}]}}